e 8, what is 110 + -2447?
-2337
In base 8, what is 23 - -340?
363
In base 11, what is 3 - -61902?
61905
In base 8, what is 412 - -11452?
12064
In base 8, what is 0 + 600?
600
In base 5, what is 21 + -1224113?
-1224042
In base 15, what is -9 + 14b0?
14a6
In base 4, what is 121303021 + -13?
121303002
In base 16, what is -4 - -ab78?
ab74
In base 16, what is -94b - -652?
-2f9
In base 11, what is 64 + -3a45?
-3991
In base 4, what is -12 - -23212213?
23212201
In base 9, what is -8030 + 12?
-8017
In base 13, what is -15458 - 5?
-15460
In base 11, what is 2 + 89844?
89846
In base 16, what is d24 + 3?
d27
In base 16, what is -45 + 10f?
ca
In base 5, what is -1010344 + 1030?
-1004314
In base 13, what is -3c9a0 + -16?
-3c9b6
In base 16, what is -719 + -108?
-821
In base 9, what is -1873 + 53?
-1820
In base 4, what is 3 + 1110221?
1110230
In base 10, what is 19 + 1501?
1520
In base 12, what is -296aa - -17?
-29693
In base 6, what is -14021 - -24?
-13553
In base 3, what is -1 + 1001102012020?
1001102012012
In base 3, what is -2 + 211210200?
211210121
In base 10, what is 4823 + -22?
4801
In base 2, what is 1111100110001011 + 1100?
1111100110010111
In base 3, what is 202010200 - -1010?
202011210
In base 6, what is 1053 + 1141?
2234
In base 10, what is -1214590 + 4?
-1214586
In base 7, what is -231232 + 1?
-231231
In base 15, what is -2 + 4927?
4925
In base 13, what is -88405 - -8?
-883ca
In base 9, what is -328 - 766?
-1205
In base 7, what is 4 - 32103?
-32066
In base 3, what is -221 + 211?
-10
In base 12, what is 2b8 + -2a?
28a
In base 10, what is -124712 + 2?
-124710
In base 14, what is 2 - -50d?
511
In base 8, what is 0 + -71202?
-71202
In base 3, what is -11022 + 100222221?
100211122
In base 10, what is 10339 - 18?
10321
In base 13, what is 2c82 - -5?
2c87
In base 13, what is 5c195 - 0?
5c195
In base 15, what is -96b + 431?
-53a
In base 14, what is -1a + -182c?
-1848
In base 7, what is 11422154 - -5?
11422162
In base 11, what is 11 - 2a71a?
-2a709
In base 16, what is -1a7d - -28?
-1a55
In base 3, what is 2202 - 2021210?
-2012001
In base 4, what is 2333210 + -12130?
2321020
In base 13, what is -c + -925?
-934
In base 15, what is 53 + 14d7?
153a
In base 8, what is 36 + 306?
344
In base 4, what is 10 - -112211332?
112212002
In base 8, what is -1060 + -476?
-1556
In base 12, what is -a20536 - -2?
-a20534
In base 16, what is -46ce + -130?
-47fe
In base 14, what is 470 + 327a?
370a
In base 9, what is 13 + 10808?
10822
In base 16, what is eacb - 2?
eac9
In base 8, what is -4 + 404053?
404047
In base 16, what is 2 - -374a1?
374a3
In base 9, what is -232 - -132?
-100
In base 8, what is -1014 + 6?
-1006
In base 9, what is -355 - -116?
-238
In base 13, what is -3a3a + 0?
-3a3a
In base 13, what is -a64 - 1a1?
-c35
In base 13, what is 29 + 1439?
1465
In base 3, what is 11021222222200 - 1?
11021222222122
In base 15, what is c - -128d?
129a
In base 12, what is 2 + 3b477?
3b479
In base 16, what is -4 - -c67?
c63
In base 16, what is b + 1dd5?
1de0
In base 13, what is 10 - -1722a?
1723a
In base 10, what is 15 - 4600?
-4585
In base 15, what is -790 - -91?
-6ee
In base 16, what is 0 + 672cc?
672cc
In base 9, what is -13584673 - 2?
-13584675
In base 9, what is 144063 + -2?
144061
In base 5, what is 2033120 - 11?
2033104
In base 12, what is -198b28 - -1?
-198b27
In base 9, what is 155757 + 0?
155757
In base 11, what is 1 + 47557?
47558
In base 2, what is 1111010111110001011 - -11?
1111010111110001110
In base 3, what is -21 - 211222021?
-211222112
In base 11, what is 217 + 173?
38a
In base 4, what is 13120131 - -1?
13120132
In base 7, what is -4243516 + 3?
-4243513
In base 14, what is 12 + -1d53?
-1d41
In base 4, what is -1212102 + -10?
-1212112
In base 3, what is -12 + -201212022001?
-201212022020
In base 3, what is -212022 + 12?
-212010
In base 8, what is 32 - -646470?
646522
In base 16, what is -25d5f + -2?
-25d61
In base 11, what is 93366 + 4?
9336a
In base 6, what is 21201 - 52?
21105
In base 7, what is -43255 - -1131?
-42124
In base 6, what is 24 + -12314?
-12250
In base 9, what is 1 + -1748202?
-1748201
In base 12, what is -2 + -8438?
-843a
In base 2, what is 11011010011000011 + 0?
11011010011000011
In base 11, what is 30a3 + -130?
2a73
In base 6, what is -214544 + 4?
-214540
In base 6, what is 4245520 - -11?
4245531
In base 14, what is 2 + -1ca1d?
-1ca1b
In base 2, what is -1100111101010 + -10011?
-1100111111101
In base 9, what is 7 - -1174?
1182
In base 11, what is 4 - 6944?
-6940
In base 3, what is 12020 + 11211?
101001
In base 3, what is 2110222110011 - 12?
2110222102222
In base 6, what is -55034 - 4?
-55042
In base 9, what is -1 - -487407?
487406
In base 16, what is -4 + 3d51?
3d4d
In base 10, what is -1752 - 7?
-1759
In base 8, what is 300 - -14?
314
In base 11, what is 143 - 1780?
-1638
In base 9, what is 5 - -147728?
147734
In base 13, what is -4980 + 116?
-4867
In base 4, what is 2020201302 - 0?
2020201302
In base 9, what is -15 - -31224?
31208
In base 16, what is -5278 + a?
-526e
In base 8, what is -7 + -5073?
-5102
In base 13, what is -2c17b4 + -4?
-2c17b8
In base 13, what is -1692 - 14?
-16a6
In base 10, what is 5764 - -4?
5768
In base 6, what is -2 - 15210041?
-15210043
In base 8, what is 433170 - 0?
433170
In base 10, what is 64801 - 4?
64797
In base 13, what is -1 - 11a06?
-11a07
In base 6, what is -2004 + -112452?
-114500
In base 9, what is 4425 + 1828?
6354
In base 15, what is 15c6 + 5?
15cb
In base 9, what is 70 + -384?
-314
In base 5, what is 202143021 - -1?
202143022
In base 14, what is -93 + 4d?
-44
In base 12, what is 89582a + 1?
89582b
In base 10, what is 1685 + -14?
1671
In base 10, what is -3 + -8131?
-8134
In base 13, what is 8cbb55 - 0?
8cbb55
In base 11, what is -3480 + -25?
-34a5
In base 12, what is -b7 + -512?
-609
In base 4, what is -10 - 1113110210?
-1113110220
In base 3, what is -2 + 210001201020?
210001201011
In base 5, what is -41420130 + -2?
-41420132
In base 4, what is -1012201 + -2212?
-1021013
In base 13, what is 1 - -23769?
2376a
In base 11, what is -4 + -18506?
-1850a
In base 13, what is 63 - -297?
32a
In base 4, what is 131 + 10322203?
10323000
In base 11, what is -2 + 652aa1?
652a9a
In base 8, what is 7762 - 775?
6765
In base 14, what is -949d - 20?
-94bd
In base 7, what is 2233 - 1166?
1034
In base 13, what is -865 - -432?
-433
In base 5, what is 13231 + -10421?
2310
In base 7, what is -5 + -555?
-563
In base 4, what is -1203222 + 2?
-1203220
In base 14, what is -201b - -3b?
-1dc0
In base 7, what is 1055535 + 5?
1055543
In base 13, what is 5 - -2147?
214c
In base 2, what is 1011001001000 - 0?
1011001001000
In base 15, what is -5 + -9e0a7?
-9e0ac
In base 9, what is 12 - 11223?
-11211
In base 8, what is -2756051 - -5?
-2756044
In base 5, what is 221100 + -32?
221013
In base 16, what is 4c7dd - 5?
4c7d8
In base 7, what is 22 - -4602?
4624
In base 6, what is 44 - -20432?
20520
In base 15, what is -117d - -4?
-1179
In base 8, what is 1533715 - -1?
1533716
In base 3, what is 11 - -202021002110?
202021002121
In base 7, what is -225642 + -52?
-226024
In base 12, what is -4a6959 - -2?
-4a6957
In base 5, what is -4004 - -130?
-3324
In base 5, what is 1442344 + -32?
1442312
In base 15, what is 66a7 + -22?
6685
In base 10, what is -5 + -10232?
-10237
In base 10, what is 210 - -483?
693
In base 4, what is 11311 + -113?
11132
In base 7, what is 6425044 + -3?
6425041
In base 15, what is -3 - 165a7?
-165aa
In base 16, what is -c - fc87?
-fc93
In base 11, what is 1 - 500431?
-500430
In base 14, what is -128 - -b?
-11b
In base 14, what is 9261 + c?
926d
In base 6, what is -3252 + -34?
-3330
In base 9, what is -7325 - 5?
-7331
In base 15, what is e2600 + -1?
e25ee
In base 5, what is 131402 + 0?
131402
In base 15, what is -5 - -23ea?
23e5
In base 12, what is 38bb0 + 3?
38bb3
In base 5, what is 210004 + -4?
210000
In base 12, what is -675 + -b3?
-768
In base 12, what is b280 - -4?
b284
In base 3, what is 22 - -110201011?
110201110
In base 6, what is -3 - -1222212?
1222205
In base 8, what is -3 + 36726?
36723
In base 2, what is 110111001 - 1000?
110110001
In base 12, what is -460aa - -4?
-460a6
In base 15, what is a07 + -7?
a00
In base 15, what is 17787 + 4?
1778b
In base 4, what is -210 - 32310012?
-32310222
In base 12, what is a2 + b8?
19a
I